w be (l/(-45))/((-1)/5). What is j(w)?
6
Let a(n) = -3*n + 3. Let s be (-2)/(-4)*(-1 + 5). Suppose -12 + 2 = -s*f. Let y be (8 - f)/((-3)/(-4)). Determine a(y).
-9
Suppose 0 = 2*o - 0*o - 8. Suppose 0 = -5*y + 4*m - 2 + 8, -o*m - 16 = 0. Let c(n) = 2 - n - 7 + n**2 + 4 + 0*n. Give c(y).
5
Suppose 0 = z - 2 - 0, 2*z - 4 = 3*w. Let t(q) = -q**3 - q**2 - 22. Determine t(w).
-22
Let k(d) be the second derivative of -d**5/60 - d**4/6 - d**3/6 + d. Let l(z) be the second derivative of k(z). Give l(-4).
4
Let a(k) = 3 - k**3 - 4*k + 168*k**2 + 4*k - 157*k**2. Calculate a(11).
3
Let d(o) = 7*o - 2. Suppose -3*y = -y + c - 8, y - 11 = -4*c. Calculate d(y).
19
Let g be ((-6)/(-4))/(-3)*-12. Let w = -11 + 15. Let u(d) = d**3 - 6*d**2 + 4*d. Let c(x) = -x**3 + 6*x**2 - 5*x - 1. Let o(y) = w*u(y) + 3*c(y). What is o(g)?
3
Let v(y) = 2*y - 4. Let d be (-2)/7 - 4424/(-49). Suppose 2*s - d = -3*s. Suppose 4*j + 2*m = s, j + 1 = m + 4. What is v(j)?
4
Let k(i) = i**2 + 5*i + 3. Let g be k(-4). Let p = 2 - 0. Let f(h) = 3 - 2 - 13*h**2 + 2*h + 20*h**p. Calculate f(g).
6
Let t(h) = 4*h**3 + 2*h**2 - 3*h + 1. Let z(g) = 7*g**3 + 4*g**2 - 6*g + 2. Let b(n) = 5*t(n) - 3*z(n). Calculate b(-3).
-1
Suppose 32 = 4*f + 4*g, -2*f - g = -9 - 5. Let d be (2/f)/((-1)/3). Let a(v) = 2*v**2 - v - 2. Let l(y) = -y**2 - 1. Let t(i) = d*a(i) - 3*l(i). Determine t(0).
5
Let q(n) = n**2 + 3*n - 2. Let u(i) = 3*i**2 + 8*i - 6. Let x(d) = -17*q(d) + 6*u(d). Let w be x(3). Let c(p) = p**3 + 2*p**2 + 4*p + 2. Give c(w).
-6
Let x(f) = 3*f + 11. Let s be x(-5). Let k(r) = r**2 - 2*r - 6. Let o(m) = m**2 - 3*m - 5. Let p(u) = s*o(u) + 3*k(u). Give p(7).
-5
Let f(d) = -d + 5. Let u be (-3)/4 - (-90)/(-40) - -8. Determine f(u).
0
Suppose 4*l - c - 18 = 2*l, -20 = 5*c. Suppose -t = 1, 2*w = -5*t - l - 4. Let q(b) = -b**3 - 3*b**2 - 1. Determine q(w).
-1
Let m(y) = -y**3 - y**2 + y. Let h(k) = -2*k**3 - 5*k**2 + 3*k + 1. Let a(o) = -h(o) + 3*m(o). Give a(-2).
15
Let w(f) = -1 + 1 + f. Let d = 25 - 31. Give w(d).
-6
Let r(m) = m - 5. Let x(p) = p - 1. Let j(a) = r(a) - 2*x(a). Calculate j(-7).
4
Let l(f) be the second derivative of -f**3/6 + 3*f. Let v(i) = 2*i - 1. Let t(z) = 5*l(z) + 2*v(z). Give t(-5).
3
Let m(f) = 5*f**2 - 2*f + 1. Let r(c) = c - 6. Let z be r(9). Suppose 0 = -x - 2*u + z, -u + 3 - 2 = 0. Determine m(x).
4
Let j(x) = x + 7. Let g be j(-6). Suppose 2*y = g + 19. Suppose -5*k - y - 20 = 0. Let b(l) = -2*l - 8. Calculate b(k).
4
Let k(y) = -y**2 + y + 8. Let d be ((-4 + 3)*(3 - 2))/(-1). Suppose -6 = 4*n - 42. Let i be d*-3 - n/(-3). Calculate k(i).
8
Let t be (1/(-1))/((-2)/20). Suppose 2*v - 3*i = -0*i, 3*v - 2*i - t = 0. Let g be v/15 - 34/10. Let h(o) = -3*o - 4. Determine h(g).
5
Suppose 4*d + 21 = 5*d. Suppose 0 = -d*l + 17*l - 24. Let w(c) be the third derivative of c**6/120 + c**5/10 + c**4/24 + c**3 + c**2. Calculate w(l).
0
Let y be (-2)/((6/(-4))/(-3)). Let b = -6 - y. Let a(f) be the first derivative of f**4/4 + f**3 - f**2 + f - 5. Give a(b).
9
Let q(t) = -1. Let i(a) = 3*a + 9. Let g(x) = i(x) + 9*q(x). Let h(u) = -8*u - 1. Let o(p) = 7*g(p) + 2*h(p). Suppose -8 = -5*r + 2. What is o(r)?
8
Let l(m) be the first derivative of -m**2/2 - 12*m - 5. What is l(0)?
-12
Let j(u) = -5 - u**2 + 0 + 4 - 6*u. What is j(-3)?
8
Let n(h) = h**3 + h**2 - h + 1. Let k be n(1). Let x(s) = 1 - 2 + 7 + s**k + 3. Calculate x(0).
9
Let o(w) be the first derivative of -2 - 2*w + 0*w**2 - 1/6*w**3 - 1/12*w**4. Let b(f) be the first derivative of o(f). Give b(1).
-2
Let v(j) be the second derivative of -j**5/20 - j**4/4 - j**3/3 - j**2 - 16*j. Give v(-2).
-2
Let c(g) = 4*g**2 - 13*g + 3. Let a be c(3). Let n(q) = -q - 1. Determine n(a).
-1
Let t(d) = 1 + d**2 + 0 + d + 0*d. Let y(l) = -l**3 + l**2 - 2*l + 1. Let v be y(1). Calculate t(v).
1
Let v(d) = d**2 + 8*d + 9. Let p be v(-7). Let z be 5 + p/2*-1. Let o(i) = -i**2 + 3*i + 4. Give o(z).
0
Let p = 14 - 19. Let r(o) = o**2 + 7*o + 7. Calculate r(p).
-3
Suppose 0 = c + 2, -j = -2*j + 4*c + 12. Suppose 0 = -2*o - 0 - j. Let n(t) = -t**3 + 0*t + 3*t - 3*t**2 + 3 + 0. What is n(o)?
-7
Let a(w) be the second derivative of w**8/6720 - w**7/630 - 7*w**6/720 + w**5/40 + w**4/12 - w. Let u(b) be the third derivative of a(b). Give u(5).
-7
Let s(k) be the third derivative of k**6/120 + k**5/20 - k**4/6 - 5*k**3/6 + 20*k**2. What is s(-4)?
-5
Let h(v) = -14*v - 7. Let t(s) = 13*s + 6. Let r = -6 - 0. Let u(k) = r*t(k) - 5*h(k). What is u(-1)?
7
Let u(k) = k**2 + 13*k + 6. Let l = -188 + 176. Determine u(l).
-6
Let v(q) = -q - 4. Suppose 4*c + 0 = o - 6, -2*c = -2*o + 12. Suppose j = -2*j - o. Give v(j).
-2
Let b = -15 + 13. Let v(j) be the first derivative of -2*j**3/3 - 5*j**2/2 + 9*j + 2. Let w(s) = -s**2 - 3*s + 4. Let c(t) = b*v(t) + 5*w(t). Calculate c(-4).
6
Let h(q) = q**3 + 7*q**2 + 3*q - 5. Let a(v) = -14*v + 8. Let x be a(1). Give h(x).
13
Let c(x) = -2*x**2 + 3*x - 2. Let k(z) = -z**2 + 5*z - 3. Let h be k(6). Let a(n) = -n**2 - 8*n + 11. Let v be a(h). What is c(v)?
-4
Let d(h) = h - 22. Suppose -83 = -3*z - 50. What is d(z)?
-11
Let z(a) be the third derivative of -a**6/120 + a**5/15 + a**4/12 + a**3/6 - 8*a**2. What is z(4)?
9
Let w(y) = y**3 - 2*y**2 - 7*y + 5. Let r = 21 - 17. Let c be 2/r*(13 + -5). Determine w(c).
9
Let b(n) be the first derivative of n**7/105 + n**5/120 - 4*n**3/3 - 5. Let a(r) be the third derivative of b(r). What is a(-1)?
-9
Let d(u) = -3*u**2 + 2*u + 2. Let w(m) = -5*m + 32. Let v be w(6). Determine d(v).
-6
Let w be (2 - (-3 + 13)) + -3. Let m(g) = g**3 + 12*g**2 + 11*g - 3. Let h be m(w). Let f(a) = a**3 + a**2 - 3*a + 4. Determine f(h).
-5
Let n(h) = 2 + 32*h**3 - h**2 + 3*h - 31*h**3 + 4*h**2. Determine n(-2).
0
Let g(x) = -x. Let v(f) = f - 6. Let w be v(0). Let q(u) = -7*u - 2. Let k(r) = w*g(r) + q(r). Let t = -3 + 1. Calculate k(t).
0
Suppose 3*r = -2*r + 5. Let d(w) = w**3 + w + r + w**2 + 4 - 2. Give d(0).
3
Let q(a) be the first derivative of a**4/4 - 2*a**3/3 - a**2 + a + 1. Let f = 57 - 54. Give q(f).
4
Let u(n) = n - 2. Let o be u(-3). Let p(f) = 0*f**2 + 82 - 85 + f**2 + 5*f. Give p(o).
-3
Suppose -15*l + 103 = 28. Let t(g) = g**2 - 4*g + 1. Determine t(l).
6
Suppose v - 6 + 0 = 0. Suppose 4*b + 3*g + 9 = 0, -v*g + 4*g = 4*b + 10. Let j(u) = -u**2 - 2*u + 2. Determine j(b).
-1
Let m(p) = -p**2 - 1. Let f(r) be the second derivative of 13*r**5/20 + r**4/12 - r**3/3 - 6*r. Let i(o) = -f(o) - m(o). Give i(-1).
12
Let g be 2 - ((-4 - -8) + 2). Let h(u) = u**3 + 5*u**2 + u - 4. Give h(g).
8
Let t = -6 + 11. Let k(v) = v**3 + 8*v**2 + 6*v - 5. Let d be k(-7). Let p(i) = 5*i**d - 2*i**2 - 5 - 4*i - 2*i**2. Calculate p(t).
0
Let f(u) = u**3 - 6*u**2 - 5. Let v = -5 + 11. Calculate f(v).
-5
Let y(f) = 10*f - f**2 - 8*f + 5 - 10*f. Let u be y(-8). Let c(l) = -1 - 4*l + 4*l**2 + 0*l**2 + 9*l - l**3. Determine c(u).
-1
Let u(q) = q**2 + 2*q - 1. Let d(h) = -h**3 - 3*h**2 + 4*h + 3. Let g be d(-4). Let s(f) = f - 1. Let m be s(3). Suppose j = m*j + g. Calculate u(j).
2
Let j(s) be the second derivative of 0*s**2 + s - 1/4*s**4 + 1/40*s**5 - 1/3*s**3 + 0. Let c(f) be the second derivative of j(f). What is c(4)?
6
Let a(w) = -w + 11. Let v be a(7). Suppose 0 = 3*r - r - v. Let g(c) = -3*c - 4*c - r - c + 4*c - 3*c**2. Calculate g(-2).
-6
Let h(g) = 3*g + 5. Let o be (-2)/3 + (-17)/(-3). Give h(o).
20
Let f(z) = z + 3. Let d be ((-10)/2 - -3) + 2. Suppose 0 = -2*k - d*k + 6. Let l(s) = -s + 3. Let t be l(k). Calculate f(t).
3
Let i be -1*(-1)/(-1)*-3. Let p(m) = -3 - 1 - i*m + m**3 - 2*m**2 + 2. Suppose 5*a - 10 = -5*b, -2*b - 2 = a + 3*b. Determine p(a).
-2
Let f(q) be the first derivative of q**3/3 - 5*q**2/2 + 6*q + 1. Suppose 0 = 3*h - 2*h - 5. Give f(h).
6
Let z(g) = 2 + g**2 - 9*g - 6*g**2 - 3 + 10*g. Determine z(1).
-5
Suppose -15*h + 12 = -12*h. Let k(t) = -2*t - 5. Let o(g) = g. Let z(p) = k(p) - 4*o(p). Let y(x) = -5*x - 4. Let j(b) = -7*y(b) + 6*z(b). What is j(h)?
-6
Let k(a) = -13*a + 11*a + 4*a - 2. Determine k(6).
10
Let c(r) = -r**2 - 8*r - 6. Let q be c(-6). Suppose q = -5*y - 9. Let m be -1*(0/3)/y. Let g(d) = -d**2 + d + 5. What is g(m)?
5
Let y be 1 + 1 - (1 + -2). Suppose 6 = 5*q + g - 2*g, 2*q = -y*g - 1. Let n(x) = -x. Let v(p) = 6*p - 1. Let b(s) = 3*n(s) - v(s). What is b(q)?